{"id":213,"date":"2025-06-04T16:08:25","date_gmt":"2025-06-04T14:08:25","guid":{"rendered":"http:\/\/www.xn--kinmaternit-dbbi.fr\/?page_id=213"},"modified":"2025-06-16T22:08:26","modified_gmt":"2025-06-16T20:08:26","slug":"yoga","status":"publish","type":"page","link":"https:\/\/xn--kinmaternit-dbbi.fr\/index.php\/yoga\/","title":{"rendered":"Yoga"},"content":{"rendered":"\t\t<div data-elementor-type=\"wp-page\" data-elementor-id=\"213\" class=\"elementor elementor-213\">\n\t\t\t\t<div class=\"elementor-element elementor-element-4935dfc e-flex e-con-boxed e-con e-parent\" data-id=\"4935dfc\" data-element_type=\"container\" data-e-type=\"container\">\n\t\t\t\t\t<div class=\"e-con-inner\">\n\t\t\t\t<div class=\"elementor-element elementor-element-dbca853 elementor-widget elementor-widget-heading\" data-id=\"dbca853\" data-element_type=\"widget\" data-e-type=\"widget\" data-widget_type=\"heading.default\">\n\t\t\t\t<div class=\"elementor-widget-container\">\n\t\t\t\t\t<h2 class=\"elementor-heading-title elementor-size-default\">Yoga pr\u00e9 &amp; post natal<\/h2>\t\t\t\t<\/div>\n\t\t\t\t<\/div>\n\t\t\t\t\t<\/div>\n\t\t\t\t<\/div>\n\t\t<div class=\"elementor-element elementor-element-8c22f72 e-grid e-con-boxed e-con e-parent\" data-id=\"8c22f72\" data-element_type=\"container\" data-e-type=\"container\">\n\t\t\t\t\t<div class=\"e-con-inner\">\n\t\t\t\t<div class=\"elementor-element elementor-element-968d87b elementor-widget elementor-widget-image\" data-id=\"968d87b\" data-element_type=\"widget\" data-e-type=\"widget\" data-widget_type=\"image.default\">\n\t\t\t\t<div class=\"elementor-widget-container\">\n\t\t\t\t\t\t\t\t\t\t\t\t\t\t\t\t<a href=\"https:\/\/www.doctolib.fr\/masseur-kinesitherapeute\/baillet-en-france\/aurelie-binet\" target=\"_blank\">\n\t\t\t\t\t\t\t<img decoding=\"async\" src=\"https:\/\/xn--kinmaternit-dbbi.fr\/wp-content\/uploads\/2025\/06\/Yoga-2.png\" title=\"Yoga 2\" alt=\"Yoga 2\" loading=\"lazy\" \/>\t\t\t\t\t\t\t\t<\/a>\n\t\t\t\t\t\t\t\t\t\t\t\t\t\t\t<\/div>\n\t\t\t\t<\/div>\n\t\t\t\t<div class=\"elementor-element elementor-element-9972ca9 elementor-widget elementor-widget-text-editor\" data-id=\"9972ca9\" data-element_type=\"widget\" data-e-type=\"widget\" data-widget_type=\"text-editor.default\">\n\t\t\t\t<div class=\"elementor-widget-container\">\n\t\t\t\t\t\t\t\t\t<p><span style=\"font-family: minal-regular; font-size: 24pt; color: #d9a4ae;\">La M\u00e9thode de Gasquet<\/span><\/p><p style=\"text-align: center;\"><span style=\"font-family: Arial, Helvetica, sans-serif;\">D\u00e9velopp\u00e9e par le Docteur <b>Bernadette de Gasquet<\/b> (m\u00e9decin, professeur de yoga et sp\u00e9cialis\u00e9e en p\u00e9rinatalit\u00e9), c&rsquo;est une <b>approche douce et physiologique<\/b> du yoga, particuli\u00e8rement adapt\u00e9e en <b>pr\u00e9natal<\/b> et <b>post-natal<\/b>.<\/span><span style=\"color: #d9a4ae; font-family: minal-regular; font-size: 18pt; text-align: center;\">\u00a0<\/span><\/p><p style=\"text-align: center;\"><span style=\"color: #d9a4ae; font-family: minal-regular; font-size: 24px;\">\u00a0<\/span><\/p><p style=\"text-align: center;\"><span style=\"color: #dadaef; font-family: minal-regular; font-size: 24px;\">Les 4 principes<\/span><\/p><p style=\"text-align: center;\"><span style=\"color: #d9a4ae; font-family: minal-regular; font-size: 32px;\">\u00a0<span style=\"text-align: start;\"><span style=\"font-family: Arial, Helvetica, sans-serif;\"><img decoding=\"async\" class=\"alignnone wp-image-313\" src=\"http:\/\/www.xn--kinmaternit-dbbi.fr\/wp-content\/uploads\/2025\/06\/icone-3-612b18.svg\" alt=\"\" width=\"11\" height=\"14\" \/> <\/span><\/span><\/span><span style=\"font-family: Arial, Helvetica, sans-serif;\">Respect de la <b>physiologie<\/b> de votre corps<\/span><\/p><p style=\"text-align: center;\"><b style=\"font-family: Arial, Helvetica, sans-serif;\"><img decoding=\"async\" class=\"alignnone wp-image-640\" src=\"http:\/\/www.xn--kinmaternit-dbbi.fr\/wp-content\/uploads\/2025\/06\/icone-4-45674b.svg\" alt=\"\" width=\"14\" height=\"15\" \/> Etirement<\/b><span style=\"font-family: Arial, Helvetica, sans-serif;\"> axial<\/span><\/p><p style=\"text-align: center;\"><span style=\"font-family: Arial, Helvetica, sans-serif;\"><b><span style=\"text-align: start;\"><img decoding=\"async\" class=\"alignnone wp-image-307\" src=\"http:\/\/www.xn--kinmaternit-dbbi.fr\/wp-content\/uploads\/2025\/06\/icone-0a24c3.svg\" alt=\"\" width=\"16\" height=\"13\" \/> <\/span>Souffle<\/b> et <b>p\u00e9rin\u00e9e<\/b><\/span><\/p><p style=\"text-align: center;\"><span style=\"font-family: Arial, Helvetica, sans-serif;\"><b><span style=\"color: #d9a4ae; font-family: minal-regular; font-size: 32px;\"><span style=\"text-align: start;\"><img decoding=\"async\" class=\"alignnone wp-image-313\" src=\"http:\/\/www.xn--kinmaternit-dbbi.fr\/wp-content\/uploads\/2025\/06\/icone-3-612b18.svg\" alt=\"\" width=\"11\" height=\"14\" \/><\/span> <\/span>Alignement<\/b> postural<\/span><\/p><p style=\"text-align: center;\">\u00a0<\/p>\t\t\t\t\t\t\t\t<\/div>\n\t\t\t\t<\/div>\n\t\t<div class=\"elementor-element elementor-element-9dd7697 e-con-full e-flex e-con e-child\" data-id=\"9dd7697\" data-element_type=\"container\" data-e-type=\"container\">\n\t\t\t\t<div class=\"elementor-element elementor-element-05801a3 elementor-widget-divider--view-line_icon elementor-widget-divider--separator-type-pattern elementor-widget-divider--no-spacing elementor-view-default elementor-widget-divider--element-align-center elementor-widget elementor-widget-divider\" data-id=\"05801a3\" data-element_type=\"widget\" data-e-type=\"widget\" data-widget_type=\"divider.default\">\n\t\t\t\t<div class=\"elementor-widget-container\">\n\t\t\t\t\t\t\t<div class=\"elementor-divider\" style=\"--divider-pattern-url: url(&quot;data:image\/svg+xml,%3Csvg xmlns=&#039;http:\/\/www.w3.org\/2000\/svg&#039; preserveAspectRatio=&#039;xMidYMid meet&#039; overflow=&#039;visible&#039; height=&#039;100%&#039; viewBox=&#039;0 0 120 26&#039; fill=&#039;black&#039; stroke=&#039;none&#039;%3E%3Cpath d=&#039;M11.9,15.9L11.9,15.9L0,16c-0.2-3.7,1.5-5.7,4.9-6C10,9.6,12.4,14.2,11.9,15.9zM26.9,15.9L26.9,15.9L15,16c0.5-3.7,2.5-5.7,5.9-6C26,9.6,27.4,14.2,26.9,15.9z M37.1,10c3.4,0.3,5.1,2.3,4.9,6H30.1C29.5,14.4,31.9,9.6,37.1,10z M57,15.9L57,15.9L45,16c0-3.4,1.6-5.4,4.9-5.9C54.8,9.3,57.4,14.2,57,15.9z M71.9,15.9L71.9,15.9L60,16c-0.2-3.7,1.5-5.7,4.9-6C70,9.6,72.4,14.2,71.9,15.9z M82.2,10c3.4,0.3,5,2.3,4.8,6H75.3C74,13,77.1,9.6,82.2,10zM101.9,15.9L101.9,15.9L90,16c-0.2-3.7,1.5-5.7,4.9-6C100,9.6,102.4,14.2,101.9,15.9z M112.1,10.1c2.7,0.5,4.3,2.5,4.9,5.9h-11.9l0,0C104.5,14.4,108,9.3,112.1,10.1z&#039;\/%3E%3C\/svg%3E&quot;);\">\n\t\t\t<span class=\"elementor-divider-separator\">\n\t\t\t\t\t\t\t<div class=\"elementor-icon elementor-divider__element\">\n\t\t\t\t\t<svg xmlns=\"http:\/\/www.w3.org\/2000\/svg\" id=\"Calque_1\" data-name=\"Calque 1\" viewBox=\"0 0 61.31 50.28\"><defs><style>      .cls-1 {        fill: #dadaef;      }    <\/style><\/defs><path class=\"cls-1\" d=\"M60.54,16.18c-.05-.22-.1-.43-.15-.64C56.51-.22,36.78-5.33,25.63,6.47c-6.84,7.24-12.61,10.91-16.97,13.2C2.68,22.82-.77,29.88.15,36.47c.27,1.91,1.57,3.34,3.12,4.49,4.2,3.1,14.55,8.87,25.44,9.33,2.8.06,38.22-4.12,31.84-34.1Z\"><\/path><\/svg><\/div>\n\t\t\t\t\t\t<\/span>\n\t\t<\/div>\n\t\t\t\t\t\t<\/div>\n\t\t\t\t<\/div>\n\t\t\t\t<\/div>\n\t\t\t\t<div class=\"elementor-element elementor-element-265ed85 elementor-align-center elementor-widget elementor-widget-button\" data-id=\"265ed85\" data-element_type=\"widget\" data-e-type=\"widget\" data-widget_type=\"button.default\">\n\t\t\t\t<div class=\"elementor-widget-container\">\n\t\t\t\t\t\t\t\t\t<div class=\"elementor-button-wrapper\">\n\t\t\t\t\t<a class=\"elementor-button elementor-button-link elementor-size-sm\" href=\"https:\/\/www.doctolib.fr\/masseur-kinesitherapeute\/baillet-en-france\/aurelie-binet\" target=\"_blank\">\n\t\t\t\t\t\t<span class=\"elementor-button-content-wrapper\">\n\t\t\t\t\t\t\t\t\t<span class=\"elementor-button-text\">PRENDRE RDV<\/span>\n\t\t\t\t\t<\/span>\n\t\t\t\t\t<\/a>\n\t\t\t\t<\/div>\n\t\t\t\t\t\t\t\t<\/div>\n\t\t\t\t<\/div>\n\t\t\t\t\t<\/div>\n\t\t\t\t<\/div>\n\t\t<div class=\"elementor-element elementor-element-5f74210 e-grid e-con-full e-con e-parent\" data-id=\"5f74210\" data-element_type=\"container\" data-e-type=\"container\">\n\t\t\t\t<div class=\"elementor-element elementor-element-8d66250 elementor-widget elementor-widget-text-editor\" data-id=\"8d66250\" data-element_type=\"widget\" data-e-type=\"widget\" data-widget_type=\"text-editor.default\">\n\t\t\t\t<div class=\"elementor-widget-container\">\n\t\t\t\t\t\t\t\t\t<p style=\"text-align: center;\"><span style=\"font-size: 32px; color: #d9a4ae; font-family: minal-regular;\">\u00a0<\/span><span style=\"font-size: 32px; color: #d9a4ae; font-family: minal-regular;\">Les avantages<\/span><\/p><p style=\"text-align: center;\"><span style=\"font-size: 32px; color: #d9a4ae; font-family: minal-regular;\">\u00a0<\/span><\/p><p style=\"text-align: center;\"><span style=\"text-align: start;\"><span style=\"font-family: Arial, Helvetica, sans-serif;\"><img decoding=\"async\" class=\"alignnone wp-image-313\" src=\"http:\/\/www.xn--kinmaternit-dbbi.fr\/wp-content\/uploads\/2025\/06\/icone-3-612b18.svg\" alt=\"\" width=\"11\" height=\"14\" \/> M\u00e9thode <b>douce<\/b> et <b>non invasive<\/b>.<\/span><\/span><\/p><p style=\"text-align: center;\"><span style=\"text-align: start;\"><span style=\"font-family: Arial, Helvetica, sans-serif;\"> <b style=\"font-family: Arial, Helvetica, sans-serif;\"><img decoding=\"async\" class=\"alignnone wp-image-640\" src=\"http:\/\/www.xn--kinmaternit-dbbi.fr\/wp-content\/uploads\/2025\/06\/icone-4-45674b.svg\" alt=\"\" width=\"14\" height=\"15\" \/> <\/b><\/span><\/span><span style=\"text-align: start;\"><span style=\"font-family: Arial, Helvetica, sans-serif;\">Fortement recommand\u00e9e pour les femmes souffrant de <b>douleurs pelviennes<\/b>, de <b>diastasis<\/b> ou de <b>fragilit\u00e9 du p\u00e9rin\u00e9e<\/b>.<\/span><\/span><\/p><p style=\"text-align: center;\"><span style=\"text-align: start;\"><span style=\"font-family: Arial, Helvetica, sans-serif;\"> <img decoding=\"async\" class=\"alignnone wp-image-307\" src=\"http:\/\/www.xn--kinmaternit-dbbi.fr\/wp-content\/uploads\/2025\/06\/icone-0a24c3.svg\" alt=\"\" width=\"16\" height=\"13\" \/> Utilisable aussi bien en <b>pr\u00e9vention<\/b>\u00a0pour pr\u00e9parer le corps \u00e0 l&rsquo;accouchement, qu&rsquo;en <b>r\u00e9\u00e9ducation.<\/b><\/span><\/span><\/p>\t\t\t\t\t\t\t\t<\/div>\n\t\t\t\t<\/div>\n\t\t\t\t<div class=\"elementor-element elementor-element-22bdbe2 elementor-widget elementor-widget-image\" data-id=\"22bdbe2\" data-element_type=\"widget\" data-e-type=\"widget\" data-widget_type=\"image.default\">\n\t\t\t\t<div class=\"elementor-widget-container\">\n\t\t\t\t\t\t\t\t\t\t\t\t\t\t\t<img loading=\"lazy\" decoding=\"async\" width=\"1024\" height=\"769\" src=\"https:\/\/xn--kinmaternit-dbbi.fr\/wp-content\/uploads\/2025\/06\/Photo-salle-1024x769.png\" class=\"attachment-large size-large wp-image-638\" alt=\"\" srcset=\"https:\/\/xn--kinmaternit-dbbi.fr\/wp-content\/uploads\/2025\/06\/Photo-salle-1024x769.png 1024w, https:\/\/xn--kinmaternit-dbbi.fr\/wp-content\/uploads\/2025\/06\/Photo-salle-300x225.png 300w, https:\/\/xn--kinmaternit-dbbi.fr\/wp-content\/uploads\/2025\/06\/Photo-salle-768x576.png 768w, https:\/\/xn--kinmaternit-dbbi.fr\/wp-content\/uploads\/2025\/06\/Photo-salle-1536x1153.png 1536w, https:\/\/xn--kinmaternit-dbbi.fr\/wp-content\/uploads\/2025\/06\/Photo-salle.png 2048w\" sizes=\"(max-width: 1024px) 100vw, 1024px\" \/>\t\t\t\t\t\t\t\t\t\t\t\t\t\t\t<\/div>\n\t\t\t\t<\/div>\n\t\t\t\t<\/div>\n\t\t<div class=\"elementor-element elementor-element-edc45be e-flex e-con-boxed e-con e-parent\" data-id=\"edc45be\" data-element_type=\"container\" data-e-type=\"container\">\n\t\t\t\t\t<div class=\"e-con-inner\">\n\t\t\t\t<div class=\"elementor-element elementor-element-6821980 elementor-align-center elementor-widget elementor-widget-button\" data-id=\"6821980\" data-element_type=\"widget\" data-e-type=\"widget\" data-widget_type=\"button.default\">\n\t\t\t\t<div class=\"elementor-widget-container\">\n\t\t\t\t\t\t\t\t\t<div class=\"elementor-button-wrapper\">\n\t\t\t\t\t<a class=\"elementor-button elementor-button-link elementor-size-sm\" href=\"https:\/\/www.doctolib.fr\/masseur-kinesitherapeute\/baillet-en-france\/aurelie-binet\/booking\/new-patient?specialityId=9&#038;profile_skipped=true&#038;bookingFunnelSource=external_referral\" target=\"_blank\">\n\t\t\t\t\t\t<span class=\"elementor-button-content-wrapper\">\n\t\t\t\t\t\t\t\t\t<span class=\"elementor-button-text\">PRENDRE RDV<\/span>\n\t\t\t\t\t<\/span>\n\t\t\t\t\t<\/a>\n\t\t\t\t<\/div>\n\t\t\t\t\t\t\t\t<\/div>\n\t\t\t\t<\/div>\n\t\t\t\t\t<\/div>\n\t\t\t\t<\/div>\n\t\t<div class=\"elementor-element elementor-element-29e20b8 e-flex e-con-boxed e-con e-parent\" data-id=\"29e20b8\" data-element_type=\"container\" data-e-type=\"container\">\n\t\t\t\t\t<div class=\"e-con-inner\">\n\t\t\t\t<div class=\"elementor-element elementor-element-449b161 elementor-widget-divider--view-line_icon elementor-widget-divider--separator-type-pattern elementor-widget-divider--no-spacing elementor-view-default elementor-widget-divider--element-align-center elementor-widget elementor-widget-divider\" data-id=\"449b161\" data-element_type=\"widget\" data-e-type=\"widget\" data-widget_type=\"divider.default\">\n\t\t\t\t<div class=\"elementor-widget-container\">\n\t\t\t\t\t\t\t<div class=\"elementor-divider\" style=\"--divider-pattern-url: url(&quot;data:image\/svg+xml,%3Csvg xmlns=&#039;http:\/\/www.w3.org\/2000\/svg&#039; preserveAspectRatio=&#039;xMidYMid meet&#039; overflow=&#039;visible&#039; height=&#039;100%&#039; viewBox=&#039;0 0 120 26&#039; fill=&#039;black&#039; stroke=&#039;none&#039;%3E%3Cpath d=&#039;M11.9,15.9L11.9,15.9L0,16c-0.2-3.7,1.5-5.7,4.9-6C10,9.6,12.4,14.2,11.9,15.9zM26.9,15.9L26.9,15.9L15,16c0.5-3.7,2.5-5.7,5.9-6C26,9.6,27.4,14.2,26.9,15.9z M37.1,10c3.4,0.3,5.1,2.3,4.9,6H30.1C29.5,14.4,31.9,9.6,37.1,10z M57,15.9L57,15.9L45,16c0-3.4,1.6-5.4,4.9-5.9C54.8,9.3,57.4,14.2,57,15.9z M71.9,15.9L71.9,15.9L60,16c-0.2-3.7,1.5-5.7,4.9-6C70,9.6,72.4,14.2,71.9,15.9z M82.2,10c3.4,0.3,5,2.3,4.8,6H75.3C74,13,77.1,9.6,82.2,10zM101.9,15.9L101.9,15.9L90,16c-0.2-3.7,1.5-5.7,4.9-6C100,9.6,102.4,14.2,101.9,15.9z M112.1,10.1c2.7,0.5,4.3,2.5,4.9,5.9h-11.9l0,0C104.5,14.4,108,9.3,112.1,10.1z&#039;\/%3E%3C\/svg%3E&quot;);\">\n\t\t\t<span class=\"elementor-divider-separator\">\n\t\t\t\t\t\t\t<div class=\"elementor-icon elementor-divider__element\">\n\t\t\t\t\t<svg xmlns=\"http:\/\/www.w3.org\/2000\/svg\" id=\"Calque_1\" data-name=\"Calque 1\" viewBox=\"0 0 61.31 50.28\"><defs><style>      .cls-1 {        fill: #dadaef;      }    <\/style><\/defs><path class=\"cls-1\" d=\"M60.54,16.18c-.05-.22-.1-.43-.15-.64C56.51-.22,36.78-5.33,25.63,6.47c-6.84,7.24-12.61,10.91-16.97,13.2C2.68,22.82-.77,29.88.15,36.47c.27,1.91,1.57,3.34,3.12,4.49,4.2,3.1,14.55,8.87,25.44,9.33,2.8.06,38.22-4.12,31.84-34.1Z\"><\/path><\/svg><\/div>\n\t\t\t\t\t\t<\/span>\n\t\t<\/div>\n\t\t\t\t\t\t<\/div>\n\t\t\t\t<\/div>\n\t\t\t\t\t<\/div>\n\t\t\t\t<\/div>\n\t\t\t\t<\/div>\n\t\t","protected":false},"excerpt":{"rendered":"<p>Yoga pr\u00e9 &amp; post natal La M\u00e9thode de Gasquet D\u00e9velopp\u00e9e par le Docteur Bernadette de Gasquet (m\u00e9decin, professeur de yoga et sp\u00e9cialis\u00e9e en p\u00e9rinatalit\u00e9), c&rsquo;est une approche douce et physiologique du yoga, particuli\u00e8rement adapt\u00e9e en pr\u00e9natal et post-natal.\u00a0 \u00a0 Les 4 principes \u00a0 Respect de la physiologie de votre corps Etirement axial Souffle et p\u00e9rin\u00e9e&hellip;&nbsp;<a href=\"https:\/\/xn--kinmaternit-dbbi.fr\/index.php\/yoga\/\" rel=\"bookmark\"><span class=\"screen-reader-text\">Yoga<\/span><\/a><\/p>\n","protected":false},"author":1,"featured_media":0,"parent":0,"menu_order":0,"comment_status":"closed","ping_status":"closed","template":"page-templates\/template-pagebuilder-full-width.php","meta":{"neve_meta_sidebar":"","neve_meta_container":"","neve_meta_enable_content_width":"","neve_meta_content_width":0,"neve_meta_title_alignment":"","neve_meta_author_avatar":"","neve_post_elements_order":"","neve_meta_disable_header":"","neve_meta_disable_footer":"","neve_meta_disable_title":"","_themeisle_gutenberg_block_has_review":false,"footnotes":""},"class_list":["post-213","page","type-page","status-publish","hentry"],"_links":{"self":[{"href":"https:\/\/xn--kinmaternit-dbbi.fr\/index.php\/wp-json\/wp\/v2\/pages\/213","targetHints":{"allow":["GET"]}}],"collection":[{"href":"https:\/\/xn--kinmaternit-dbbi.fr\/index.php\/wp-json\/wp\/v2\/pages"}],"about":[{"href":"https:\/\/xn--kinmaternit-dbbi.fr\/index.php\/wp-json\/wp\/v2\/types\/page"}],"author":[{"embeddable":true,"href":"https:\/\/xn--kinmaternit-dbbi.fr\/index.php\/wp-json\/wp\/v2\/users\/1"}],"replies":[{"embeddable":true,"href":"https:\/\/xn--kinmaternit-dbbi.fr\/index.php\/wp-json\/wp\/v2\/comments?post=213"}],"version-history":[{"count":101,"href":"https:\/\/xn--kinmaternit-dbbi.fr\/index.php\/wp-json\/wp\/v2\/pages\/213\/revisions"}],"predecessor-version":[{"id":717,"href":"https:\/\/xn--kinmaternit-dbbi.fr\/index.php\/wp-json\/wp\/v2\/pages\/213\/revisions\/717"}],"wp:attachment":[{"href":"https:\/\/xn--kinmaternit-dbbi.fr\/index.php\/wp-json\/wp\/v2\/media?parent=213"}],"curies":[{"name":"wp","href":"https:\/\/api.w.org\/{rel}","templated":true}]}}